)).
-73
Calculate -1 - -1 - -25 - (-177 - -171).
31
What is the value of -13 + (-128 - -138 - ((0 - -8) + -2))?
-9
What is (-11 - 2) + 5 + (-137 - (-28 - -7))?
-124
59 - 44 - (31 + 4) - (-81 + -1)
62
What is the value of -4604 - -4611 - (-2 - -16)?
-7
Calculate -43 + (-2 + 8 - (9 + -10 + 2 - 8)).
-30
Evaluate -16 + (19 - 13 - 36) - (9 + 2).
-57
4 + -6 - -6 - (12 - 11 - (-65 - -16))
-46
Evaluate -2 + -1 + 22 - (-24 + (-12 - -9) + 18).
28
Calculate -33 + (7 + (0 - 2) + -14 + 0 - 4).
-46
(34 - (9 + 3)) + 3 + 67 + 21
113
What is the value of -62 - (22 + -41 + 1 - 2)?
-42
What is 52 - (29 + (-76 - -139))?
-40
-1 - (-22 - (-3 + -17 + 7)) - -88
96
What is the value of 32 + 16 + (10 - (2 + 1 + 7))?
48
Calculate -17 + -13 + 163 + -135.
-2
What is -5 + -1 + (35 - 38) + (-20 - -65)?
36
What is the value of 1 - -4 - -8 - ((-23 - -22) + -7)?
21
What is the value of 8 - (-7 - -19 - 19 - -12 - 32 - -1)?
34
What is the value of -20 + 2 - (-11 + 4 + 12)?
-23
1 + 15 - (11 + (-8 - (7 + -18)) + -25)
27
Calculate (1 - 4) + ((3 - -1) + 45 - (-2 - -1)).
47
What is 0 + -2 + 13 - (-14 + 5 - -13) - -19?
26
Evaluate -9 + 15 + 6 + (9 - (-2 + 0 + 35)).
-12
-5 - (2 + (-2 - ((8 - 4) + -2))) - -37
34
Evaluate 79 + (19 - 12) - (8 + -16).
94
Calculate (-6 + 12 - 1) + (-10 - -3 - -1).
-1
Calculate 41 - 84 - (-14 + -26) - (1 - 61).
57
What is 0 + -14 + (107 - 91) + 46 + 0?
48
Calculate 29 - (2 + -11 - 8 - -9).
37
What is 31 + 4 + -87 + 47 - 83?
-88
Calculate (15 + -6 + -1 + -5 - -3) + -3 + 4.
7
Calculate -3 + 77 - (-70 - 49 - -120).
73
Calculate -14 - -1 - (4 + 12 + 14).
-43
55 + -2 + (7 - 15) + (-1 - 1)
43
3257 + -3236 - (-2 - -3 - 0 - -1)
19
What is the value of -68 + -68 + (179 - 110)?
-67
Evaluate 0 + (1 - 2) + (77 - (99 - -6)).
-29
What is (35 + -25 - 39) + -11 + -3 + 2?
-41
2 - ((10 - 2) + (-316 - -348) + 1 + -4)
-35
What is -13 - (1 - -18 - (46 + 50 + -75))?
-11
Evaluate (1 + -126 - (-914 - -898)) + -11 + 26.
-94
-60 - -71 - (6 - ((2 - -4) + -9)) - 3
-1
4 + 100 - (89 - -10)
5
Evaluate (-66 - (-56 + 11)) + (-10 - 24).
-55
What is the value of 56 - ((7 - 3 - -19) + -25)?
58
What is 4 + -6 + -13 - (4 + (-11 - -4)) - -4?
-8
Evaluate 11 + -4 - (-1 - -24 - 28).
12
Calculate 39 + (48 - 76) + 1 + (1 - -18).
31
What is the value of -459 - -462 - ((17 - -2) + -1)?
-15
What is (-2 - -146) + -683 + 686 + -14?
133
Calculate 2 + 81 + (2 - (-4 + 16)) + 22 + -23.
72
What is the value of 17 - (-54 + 82 + -71)?
60
What is 37 - ((10 - (2 + 2 - (79 - 96))) + 8)?
40
-342 - -368 - (4 + 8 - -13)
1
What is the value of 54 + 29 + -93 + 47?
37
Evaluate 28 + (9 + 17 - 17) + 8.
45
Calculate -22 - (-40 + -5) - -12.
35
What is the value of (-61 - -1) + (7667 - 7641)?
-34
What is 14 - (1 + 53 + (311 - 322))?
-29
Evaluate 567 + -588 - (-51 + 4).
26
Evaluate -5 - (-16 - -10) - (-24 + 20) - (7 + 1).
-3
Evaluate (58 - (63 - 67)) + -57.
5
What is the value of 2 - -6 - (8025 - 8039)?
22
What is (13 + -1 - (11 - (-76 + 77))) + 4?
6
-7 - -15 - (66 + -4)
-54
Calculate 25 + (-180 - -47) - (-2 + -5).
-101
Evaluate 4951 + -4833 + -209 + -1.
-92
Calculate (1 + -3 - -102) + -4972 + 4958.
86
What is (-1 - 0) + 8 + 42 - (-34 + 25)?
58
What is the value of -81 - (8 - (8 + -2 + (7 - 6)) - 4)?
-78
Evaluate -34 - (14 - 27 - 0).
-21
Evaluate 2006 - 2010 - (-2 + -66 + 0).
64
Calculate (3 - -21) + -235 + 193.
-18
Calculate (-123 - (17 - 103)) + (-3 - 31).
-71
7 + -51 + 16 + 24 + (8 - 1)
3
Calculate (128 - (-71 + 179)) + 2 + -147.
-125
What is (16 - 120) + -10 + 95?
-19
What is -2114 - -2010 - (1 - 38)?
-67
What is (-68 - (28 + -14)) + 23 - -7?
-52
What is 4 + (71 - 32) - 79?
-36
Calculate 99 + -131 + 31 + 29.
28
43 + -34 + -12 + 10 + 86
93
What is -5 + (0 + 17 + (-9 - 0) - -4) - 16?
-9
What is 34 - ((6 + -13 - -11) + 1 - 7 - 2)?
38
Evaluate 78 - (109 + (-21 - 62)).
52
Calculate -8 + 1 + 27 + -3.
17
What is the value of (-7 - (0 - -3)) + (31 - -13 - 22 - -19)?
31
Calculate 68 - ((126 - 104) + 1).
45
-13 + (-5 + 5 - -10) + -20 + 34 + -27
-16
(0 + 11 - (-27 + -18 + 57)) + -4
-5
Calculate -10 - 82 - (866 + -887).
-71
Calculate -471 + 525 - ((1 - 5) + (11 + -4 - 4)).
55
What is the value of -21 + (12 - 78) + 150?
63
What is the value of -4 + 24 - (522 + -546)?
44
Evaluate (-39 - -49) + 20 - (19 - -2).
9
What is -5 + (7 - 6) + -65 + (20 - (11 - -11))?
-71
-11 + (40 - 26) + -21 - -35
17
What is -69 + (19 - -32) - (1 - 26)?
7
What is -44 + 1 - -59 - (34 + 1)?
-19
39 - 3 - (-256 - -255)
37
What is the value of (6 + -38 - -48) + 40 + -25?
31
83 - 19 - 49 - (-1 + 0) - 78
-62
Evaluate -16 + 2 + -1 + 1 + (199 - (14 - -62)).
109
Evaluate (3 + 8 - (-35 + 12 + 0)) + 2 + 5.
41
What is the value of 18 - (-19 - (-40 - -137))?
134
Calculate -38 + ((-39 - -7) + 39 - -24) - (0 + 120).
-127
Evaluate 49 + 8 + -11 + 43.
89
Evaluate 0 + 90 + 6127 + -6165.
52
(2 - 129) + (-11435 - -11538)
-24
What is -1 + -24 + 6 + (-76 - -87 - 29)?
-37
Calculate 1 + -24 + (167 + -83 - 68).
-7
What is the value of -2 + (-2 - -1) + 24 + (1 - 26) + -30?
-34
What is 49 - (21 + 41 + -57 + (-1 - 15))?
60
-5 + 123 + 9 + -49
78
What is -80 - ((0 - -5) + -4) - (-119 - -134)?
-96
What is the value of 199 + -1 + -189 - (12 - (-4 - -2))?
-5
13 + (-61 + -28 + -5 - (-2 - 3))
-76
What is the value of 17 + (29 - (40 + (1 - 5)))?
10
What is -90 - ((-3 - (10 + (-14 - (6 + -12)))) + -10)?
-75
1 + 17 + -8 + (-16 + (-1 - -14) - -2)
9
Calculate 1 + (-13 - -7) + -4 + (-17 - -31).
5
Evaluate (9 - -20 - 17) + -51 + -4 + 6.
-37
Evaluate 10 - (-10 + 13 + -6 + (0 + 0 - 5)).
18
115 + -7 + -13 + -12 - -3
86
What is the value of -21 + 0 + (227 - 283) + 162?
85
What is the value of -70 - ((-16 - 54) + 59)?
-59
What is -5 + (-31 - (18 + 4)) - 1?
-59
Evaluate -18 - (-2 - -6) - (76 + (-63 - 28)).
-7
What is (17 - (121 + -20 + -21)) + 1 + -5?
-67
Evaluate -13 - ((-10 - -21 - 3) + 14).
-35
What is 21 + -8 + (-13 + 13 - -3 - -3 - 110)?
-91
Calculate 52 - ((21 - 58) + 97).
-8
What is the value of (15 - (-5 - (-9 - 0))) + (32 - 14)?
29
20 + 24 + 38 + -49 + (6 - 9)
30
Evaluate (2 - -20 - 3) + 967 + -938.
48
(-1 - 22) + (60 - (23 + 56))
-42
9 + 43 + -108 + -24
-80
Calculate -18 + (-297 + 301 + (0 - -3) - -8).
-3
-10 - -15 - -1 - (15 - ((12 - -3) + -113))
-107
What is -396 + 347 + 18 + 19?
-12
Evaluate -21 + 15 + 2 + (24 - 8).
12
What is -22 + 68 + (43 - (17 + -8))?
80
What is the value of -1 - (5 + (41 - 97))?
50
What is the value of 6 + 1 + (-81 - -28) + 33 + 19?
6
(1 - -9 - 16) + 3 + 13
10
What is (-1 - (9 + 3)) + -126 + 94?
-45
What is the value of (84 - 191) + 132 - (-18 + -1)?
44
What is (22 - (-15 - -29)) + -21?
-13
Calculate -4 + 2 + 59 + -9 + 3 + -44 + 34.
41
What is the value of -2 + 73 + (-1 - (47 + -43) - (1 + -6))?
71
Evaluate 59 + 16 + -20 + (-13 - -4 - -6).
52
Evaluate 2 - ((2 - 0) + -8 + 1 + 19 + -13).
1
Evaluate 6 + -11 - -5 - (-17 - 1 - -21).
-3
What is (-79 - (28 + -30 - 15)) + 1 + 2 + -7?
-66
What is (16 - (31 - 36 - -92)) + 0 + 0?
-71
Evaluate 26 + (-27 - -4) + -12 + 44.
35
What is the value of -1027 + 1131 + -101 + 3?
6
What is (0 - -7) + (2 - 6) - (24 - (-39 - -51))?
-9
-2 + 58 + 3 + -3 + 1 - (3321 + -3311)
47
Evaluate 750 + -735 + (1 - 61 - 3).
-48
What is -4 + (-10 - (6 - ((2 - 14 - -42) + 7)))?
17
Evaluate -113 + 104 - -15 - (1 + 33 + -1).
-27
What is 368 - 420 - (39 - (-2 - -8) - 7)?
-78
What is the value of 364 + 249 + -626 + -1 + (21 - 1)?
6
Evaluate 415 + -421 + 3 + (3 + -10 - -4) + 1.
-5
Calculate (6 - -10) + (0 - 66) + 45.
-5
Evaluate -25 + 22 + 0 + 208 + -263.
-58
Evaluate (-48 - -30) + (25 - (22 - 21)).
6
Calculate (-12 - (-3 + -4 - -30)) + 82.
47
Calculate 7 - 0 - (-162 + 68 + 23) - (2 + 1).
75
-64 + (-13 - (-31 - 50))
4
What is the value of -17 - (23 - 2) - (7 - 45)?
0
What is the value of (-1 - 9) + (473 - 458 - (1 + 71))?
-67
What is (0 - -38) + -7 + (-13 - -2) + 18?
38
(-38 - 49 - -124) + 59
96
What is the value of 16 + 10 + (5 + 0 + 3 - (-92 + 100))?
26
Calculate (1 + 15 - (-45 + (47 - -7))) + -6.
1
What is (-4 + 57 - (-17 - (-36 - -8))) + (4 - 1)?
45
Evaluate -4 + 29 + -37 + -10.
-22
-44 + (142 - 70) + 21
49
What is the value of -8297 + 8300 - (0 - -1)?
2
-10 + 30 - -38 - 42
16
What is (1 - (-4 + 5)) + -2 + 7 + -2 + 6?
9
Evaluate -4 + 61 + -1 + -10 + 220 + -192.
74
(1 - (14 - 0) - (49 + -65)) + 8
11
Calculate 0 - (-4 + 9) - (2 - 13) - (-398 - -335).
69
What is -15